24468?
8
What is the thousands digit of 4935456?
5
What is the hundred thousands digit of 26454189?
4
What is the units digit of 387202?
2
What is the thousands digit of 161807?
1
What is the tens digit of 20937145?
4
What is the tens digit of 34384?
8
What is the units digit of 993453?
3
What is the tens digit of 95309?
0
What is the units digit of 8257608?
8
What is the millions digit of 16004743?
6
What is the ten thousands digit of 25406302?
0
What is the ten thousands digit of 7870261?
7
What is the hundred thousands digit of 1089691?
0
What is the tens digit of 3566700?
0
What is the tens digit of 2817287?
8
What is the thousands digit of 1296776?
6
What is the units digit of 3088927?
7
What is the millions digit of 2345380?
2
What is the ten thousands digit of 270843?
7
What is the units digit of 355730?
0
What is the thousands digit of 1398349?
8
What is the ten thousands digit of 494359?
9
What is the millions digit of 3330376?
3
What is the tens digit of 1018171?
7
What is the hundred thousands digit of 723333?
7
What is the hundreds digit of 521665?
6
What is the thousands digit of 9460970?
0
What is the units digit of 148483?
3
What is the thousands digit of 389400?
9
What is the hundred thousands digit of 6510478?
5
What is the units digit of 38607?
7
What is the ten thousands digit of 117312?
1
What is the hundreds digit of 7029693?
6
What is the millions digit of 4894679?
4
What is the thousands digit of 15670?
5
What is the ten thousands digit of 264240?
6
What is the tens digit of 1478869?
6
What is the units digit of 384451?
1
What is the units digit of 589682?
2
What is the tens digit of 19967254?
5
What is the ten thousands digit of 138788?
3
What is the ten thousands digit of 1352597?
5
What is the hundreds digit of 136423?
4
What is the tens digit of 406066?
6
What is the units digit of 67489?
9
What is the hundreds digit of 1110806?
8
What is the units digit of 191991?
1
What is the units digit of 62096?
6
What is the hundreds digit of 63913?
9
What is the hundred thousands digit of 2388726?
3
What is the millions digit of 20762905?
0
What is the hundreds digit of 5340864?
8
What is the thousands digit of 14675468?
5
What is the ten millions digit of 14850882?
1
What is the hundreds digit of 698237?
2
What is the thousands digit of 23443201?
3
What is the tens digit of 159969?
6
What is the ten thousands digit of 17138?
1
What is the ten thousands digit of 1811412?
1
What is the hundred thousands digit of 5581407?
5
What is the ten thousands digit of 27078104?
7
What is the ten thousands digit of 6377881?
7
What is the tens digit of 5693549?
4
What is the hundreds digit of 496089?
0
What is the units digit of 3421603?
3
What is the thousands digit of 313321?
3
What is the thousands digit of 358449?
8
What is the hundreds digit of 2847853?
8
What is the hundreds digit of 2124937?
9
What is the tens digit of 424135?
3
What is the hundreds digit of 455334?
3
What is the ten thousands digit of 3139426?
3
What is the hundreds digit of 237203?
2
What is the units digit of 7638744?
4
What is the hundred thousands digit of 9837241?
8
What is the thousands digit of 211144?
1
What is the hundred thousands digit of 476779?
4
What is the hundreds digit of 3850024?
0
What is the hundreds digit of 21576816?
8
What is the hundreds digit of 498775?
7
What is the ten thousands digit of 650038?
5
What is the millions digit of 3675990?
3
What is the units digit of 5278597?
7
What is the hundred thousands digit of 2072573?
0
What is the hundred thousands digit of 902366?
9
What is the tens digit of 186201?
0
What is the hundred thousands digit of 190522?
1
What is the thousands digit of 6191009?
1
What is the thousands digit of 8426873?
6
What is the hundreds digit of 656994?
9
What is the tens digit of 4601883?
8
What is the units digit of 1068862?
2
What is the hundreds digit of 955228?
2
What is the ten thousands digit of 4219665?
1
What is the ten millions digit of 15096600?
1
What is the tens digit of 20810879?
7
What is the units digit of 2199018?
8
What is the hundreds digit of 21151951?
9
What is the thousands digit of 824175?
4
What is the units digit of 198457?
7
What is the millions digit of 2780683?
2
What is the units digit of 49787?
7
What is the millions digit of 3102769?
3
What is the ten thousands digit of 552868?
5
What is the hundreds digit of 1562516?
5
What is the tens digit of 33133?
3
What is the ten thousands digit of 2295075?
9
What is the ten thousands digit of 51584?
5
What is the thousands digit of 4269069?
9
What is the hundreds digit of 10940?
9
What is the hundreds digit of 25121?
1
What is the units digit of 13464718?
8
What is the thousands digit of 21504722?
4
What is the thousands digit of 218559?
8
What is the hundreds digit of 918672?
6
What is the thousands digit of 511124?
1
What is the hundred thousands digit of 168181?
1
What is the hundreds digit of 485815?
8
What is the units digit of 212609?
9
What is the thousands digit of 17233579?
3
What is the ten thousands digit of 969612?
6
What is the thousands digit of 18318001?
8
What is the hundreds digit of 515873?
8
What is the units digit of 1502336?
6
What is the ten thousands digit of 217189?
1
What is the hundreds digit of 155216?
2
What is the tens digit of 3666340?
4
What is the tens digit of 5928345?
4
What is the millions digit of 1424841?
1
What is the hundreds digit of 946566?
5
What is the hundreds digit of 18079?
0
What is the hundreds digit of 218345?
3
What is the tens digit of 225026?
2
What is the ten thousands digit of 1562671?
6
What is the thousands digit of 8996210?
6
What is the thousands digit of 461175?
1
What is the units digit of 9160636?
6
What is the hundreds digit of 1171432?
4
What is the units digit of 371?
1
What is the ten thousands digit of 246449?
4
What is the units digit of 2160926?
6
What is the hundreds digit of 4016994?
9
What is the hundred thousands digit of 435330?
4
What is the ten thousands digit of 33688103?
8
What is the ten millions digit of 14994194?
1
What is the ten millions digit of 38005294?
3
What is the thousands digit of 696609?
6
What is the hundreds digit of 55277?
2
What is the hundred thousands digit of 933795?
9
What is the ten thousands digit of 250931?
5
What is the ten thousands digit of 115412?
1
What is the hundred thousands digit of 2801991?
8
What is the ten thousands digit of 4833351?
3
What is the ten thousands digit of 346202?
4
What is the units digit of 309846?
6
What is the ten thousands digit of 1939170?
3
What is the units digit of 5889996?
6
What is the hundreds digit of 688194?
1
What is the hundreds digit of 225019?
0
What is the tens digit of 7242146?
4
What is the ten thousands digit of 832326?
3
What is the ten thousands digit of 2379049?
7
What is the tens digit of 5292096?
9
What is the tens digit of 506354?
5
What is the hundred thousands digit of 5474880?
4
What is the units digit of 19439615?
5
What is the ten thousands digit of 506671?
0
What is the units digit of 940377?
7
What is the hundreds digit of 1821232?
2
What is the thousands digit of 318898?
8
What is the hundred thousands digit of 429806?
4
What is the ten millions digit of 13343495?
1
What is the millions digit of 4916933?
4
What is the thousands digit of 218076?
8
What is the ten millions digit of 34626876?
3
What is the tens digit of 108566?
6
What is the hundred thousands digit of 109877?
1
What is the thousands digit of 1546199?
6
What is the hundreds digit of 1495280?
2
What is the millions digit of 2938859?
2
What is the hundreds digit of 4554303?
3
What is the hundred thousands digit of 27694027?
6
What is the hundreds digit of 85481?
4
What is the units digit of 1802642?
2
What is the units digit of 8459697?
7
What is the ten thousands digit of 364998?
6
What is the hundreds digit of 27120822?
8
What is the tens digit of 1691358?
5
What is the thousands digit of 139812?
9
What is the millions digit of 1214101?
1
What is the thousands digit of 13270171?
0
What is the thousands digit of 19123308?
3
What is the thousands digit of 610434?
0
What is the hundreds digit of 7328526?
5
What is the hundred thousands digit of 1549364?
5
What is the thousands digit of 96721?
6
What is the hundreds digit